80. Let b be 6 + -2 + (-975)/(-5). Let v = i - b. Is v prime?
False
Let j be 182/3 + 2/6. Let k = 16 + j. Is k composite?
True
Let z(p) = 5 + 7*p + 10*p**2 + 3*p - 6*p. Is z(-4) a composite number?
False
Suppose -2*f - 10 = 4. Is (-2383)/f - 12/(-21) a prime number?
False
Let t(p) = -p**3 - p. Let c(s) = -28*s**3 - s**2 - 7*s - 1. Let r(w) = c(w) - 6*t(w). Let b = -2 + 1. Is r(b) a prime number?
False
Suppose 0*w + 118 = w + 4*r, -3*w + 3*r = -399. Let y = w - 3. Is y prime?
True
Suppose -35 = -2*k - 4*v + 75, 3*k - 2*v = 181. Let t be k*1 - (1 + -3). Suppose -2*m + 3*p + 47 = 0, -4*m + 2*p + t = -21. Is m a prime number?
True
Suppose 2*v - 7*v + 25 = 0. Suppose -3*j - 3*y = 9, -v*j + 3*y + 9 + 8 = 0. Is -2 + j*57 - 0 a composite number?
True
Suppose -17 - 8 = -4*d - 3*t, 2*d - 2*t = 2. Suppose -4*r - 4*q = -9*q - 15, 0 = -d*r + q + 35. Is r a prime number?
False
Let p be (-46)/(-3) - 2/(-3). Suppose -4*g = -2*g - p. Let i(w) = 2*w - 6. Is i(g) composite?
True
Let m(k) = -k**3 - 7*k**2 - 5*k + 7. Let l = 18 + -10. Suppose 0*q = -q - l. Is m(q) a prime number?
False
Let j(p) = 5*p**3 - 2*p**2 + 6*p + 15. Is j(6) a composite number?
True
Suppose -4*m = 5*q - 3, -5*q - 2 = -3*q. Suppose 1004 = 6*n - m*n. Is n a prime number?
True
Is -2 - 4/4 - -224 a prime number?
False
Suppose 2147 = -5*y + 2*i, -3*i = 8*y - 4*y + 1736. Let m = y - -748. Is m a prime number?
True
Let o(t) = t - 2. Let v be o(6). Suppose -p - 37 = -3*r, -2*p = -r - v*p + 17. Is r composite?
False
Let w be 10790/25 - (-2)/5. Suppose -2*b = -6*b - w. Let o = -74 - b. Is o a prime number?
False
Let m be 8 + (-4 - -1 - -6). Suppose -404 + m = -3*r. Is r composite?
False
Suppose 0 = 2*o - 2*j - 618, 4*o - 2*j - 1964 + 728 = 0. Suppose -r - 340 = r + 5*f, -5*r = 3*f + 850. Let m = o + r. Is m a composite number?
False
Let g(h) = -4 + 2*h**2 - h**2 + 2. Is g(-5) composite?
False
Let s be (269 - (0 + -2))/1. Suppose r = -2*x + s, -2*x + 1304 + 35 = 5*r. Is r composite?
True
Suppose 2*g + 2*h = -h + 394, -4*h = 3*g - 593. Is g prime?
False
Is (-2)/(-15) - (-176911)/105 a composite number?
True
Let s(a) be the second derivative of 11*a**5/20 - a**4/6 + a**3/2 - 3*a**2/2 - a. Is s(2) a prime number?
True
Let t(d) = d**2 + 5*d - 4. Let l be t(-6). Is l/(-8) + 459/12 composite?
True
Suppose -5*y + 7 = -3. Suppose 0 = -0*g - y*g + 44. Is g prime?
False
Suppose 0*t + 52 = 2*t. Suppose 0 = -3*u + 5*u - t. Let p = -7 + u. Is p composite?
True
Let v(h) = 3*h**2 - 1. Let y be v(-1). Suppose y*o = -o + 882. Suppose -3*u - u + 259 = -5*x, 4*u = -2*x + o. Is u a prime number?
True
Suppose z = 6*z - 495. Is (-4)/((-12)/1)*z composite?
True
Suppose 4*i - 302 - 86 = 0. Is i a composite number?
False
Let s be -422*((-2 - -4) + -3). Suppose c = -c + s. Is c composite?
False
Suppose 0*o - 15784 = -8*o. Is o a composite number?
False
Is 2902 + 5 - 2*(-1 + 3) a prime number?
True
Let y = -2 + 0. Let o(p) be the first derivative of -17*p**2/2 + p - 6. Is o(y) prime?
False
Suppose -w + 0 = -3. Suppose -5*s + w*j + 36 = -s, j = 5*s - 34. Is 18 + s*3/(-6) composite?
True
Suppose 2*z - 5*j - 113 = 0, -5*z - 2*j + 169 + 41 = 0. Suppose 2*v - 3*v - z = 0. Is (-5)/(15/(-6)) - v a prime number?
False
Let p be 2*1/(-4)*-10. Suppose 2 = 2*h - k + 3, p*h - 2*k = -1. Is (-77 + 3)/(-1 - h) a prime number?
True
Let v = 10 - 16. Let a = -4 - v. Suppose -a*q = -5*q + 99. Is q composite?
True
Let i = 2 - -1. Let m(c) = -2*c + 48*c**2 + i*c - 1 + c. Is m(1) composite?
True
Let m(y) = 2*y**3 + 10*y**2 - 5*y - 2. Is m(7) a composite number?
True
Let r be 290/4 + (-1)/2. Let a = -27 + r. Let v = a - 8. Is v prime?
True
Suppose -6*i - 1466 = -8*i. Is i a composite number?
False
Suppose 0*a = -2*a + 2, 111 = 2*r - a. Suppose -r = -x - 2*y, 3*x + 118 = 6*x - 4*y. Is -1 + 1 + 1 + x prime?
True
Let v(t) = -7*t**2 + 2. Let k(w) = 3*w + w**3 - 2*w - 2*w**3. Let n(l) = 2*k(l) + v(l). Is n(-5) composite?
False
Let t = -4 - -6. Suppose d = 4*w - 134, t*d - 43 = -w + 7*d. Is w a prime number?
False
Suppose 0*s - 26 = 2*f - s, f + s + 10 = 0. Let k(x) = -x**2 - 18*x - 15. Is k(f) a composite number?
True
Suppose -4*d + 13 + 39 = 0. Let h = 27 - d. Is h a composite number?
True
Let q = -2 + 4. Suppose -3*t - 5*a = -32, -q*a + 4*a = 3*t - 46. Is t a composite number?
True
Is (-4)/((-2)/201*3) composite?
True
Let y = 32 + -6. Is y a prime number?
False
Let o(i) = -4*i - 15. Let c be o(-17). Suppose 2*d - c = d. Is d a composite number?
False
Suppose 5*a + 2*t - 26293 = -2*t, -5*a = -t - 26283. Is a a composite number?
True
Let q(h) = 42*h**2 + 2*h. Let n be q(-2). Suppose 0 = 4*o - n + 32. Is o a composite number?
True
Let k = -3 + -62. Let u = k + 118. Is u composite?
False
Let p = -1 - 2. Let j(t) = -44*t + 2. Let d be j(p). Let z = d - 57. Is z composite?
True
Suppose 0 = -4*j - 3*m + 92 + 123, 0 = -2*m + 10. Let v = j - 23. Let f = v - 2. Is f composite?
True
Let u = 94 - 180. Let r be 159 - -2 - -3*20/15. Let v = u + r. Is v a prime number?
True
Suppose 9*b + 211 = 10*b. Is b composite?
False
Let r = -167 + 270. Suppose 0 = 4*z + 15 - r. Is (z/(-4))/((-3)/6) a prime number?
True
Let h be ((-4)/(-3))/((-2)/(-3)). Let d be 42*(1 + 1/(-2)). Suppose -q = -h*q + d. Is q a prime number?
False
Is (-4 - (-3 - 0))*-1693 a prime number?
True
Let o be (347 - 0) + (2 - 1). Let j(i) = -i**3 + 9*i**2 + 11*i - 5. Let d be j(10). Suppose d*p - o = p. Is p prime?
False
Suppose 2*m + 3*m - 15 = 0. Let b = -3 + m. Is (b - -1)*(-21)/(-3) a prime number?
True
Suppose 0 = -u - 0*u + 100. Suppose -4*k - 3*p + u = -3*k, -4*p = 4*k - 424. Is k prime?
True
Suppose 4*h - 1184 = -0*h. Suppose -b = b + x - h, b + x = 147. Is b a composite number?
False
Let h(q) = -q**3 + 7*q**2 - 5*q. Let t be h(6). Suppose 5*p - 2 = t*p. Is (-428)/(-8) + p/4 prime?
True
Let l(h) = h**3 - h**2 + h - 11. Let r be l(0). Let g be (r + 10)*(1 - 3). Let b(x) = 27*x**2 + 2*x + 1. Is b(g) a composite number?
False
Suppose -534 = -4*y + 774. Is y prime?
False
Let z = 191 + -105. Suppose 0 = 2*i + z - 660. Is i a prime number?
False
Suppose 0*a + 5080 = 5*a. Let b be (-2)/(-3) + a/6. Suppose 2*g + b = 2*h - g, -5*h - 2*g + 463 = 0. Is h a composite number?
True
Suppose -4*m + 2076 = 4*o, 0*m + 1044 = 2*m - o. Is m prime?
True
Suppose -5 - 5 = -5*q. Suppose -k - 55 = -q*k. Is k a prime number?
False
Suppose -u - 4*y + 2 = -0, 3*y - 4 = -2*u. Is u*(249/6 - -3) a composite number?
False
Let q be (-32)/(-14) + 8/(-28). Suppose q*v - m - 65 = 0, 0 = -0*v - 4*v + 4*m + 120. Suppose 0 = 3*u - 67 - v. Is u a composite number?
True
Let s be 3*((-24)/(-9) + -3). Let q(l) = -144*l**3 + 2*l + 1. Is q(s) a prime number?
False
Suppose 0 = 10*w - 8*w - 92. Suppose 2*j - 4 = w. Is j a composite number?
True
Is 17184/60 + (-3)/(-5) a prime number?
False
Let d be (-66)/10 - 15/(-25). Is 1314/4 - 3/d prime?
False
Let u = 8 + -5. Suppose -j = -u*j + 52. Suppose t - j = 53. Is t prime?
True
Let a(l) be the third derivative of 47*l**4/24 - l**3/2 + l**2. Let c be a(2). Suppose 2*b = 5*m + c + 235, 0 = -b + 3*m + 163. Is b prime?
True
Suppose 0 = 5*w + 3*b - 4904, 3*b = 4*w + 1428 - 5335. Is w a prime number?
False
Let d = 2 - 1. Let x = d + 2. Suppose 5*i - 1715 + 685 = -x*r, -r + 208 = i. Is i a composite number?
True
Let i(q) = 14*q**3 - 2*q**2 + 1. Let x be i(1). Suppose 3*n - 22 = 2*z, 2*n + x = -n - 5*z. Suppose 0 = -n*g + 15 + 13. Is g a prime number?
True
Suppose -14 = -r + 41. Is r composite?
True
Suppose -10*x = -13*x + 7179. Is x a composite number?
False
Let l = 3 - -4. Suppose -5*r + l = -13. Suppose 3*v - 8*b = -3*b + 73, 0 = 3*v + r*b - 55. Is v prime?
False
Suppose 5*p = -0*p - 4460. Is ((-6)/12)/(2/p) a composite number?
False
Let v(j) = -j**3 - j**2 - 6*j - 5. Suppose u - 2*y - 4 = 0, 0 = -u - 0*y - 2*y - 16. Is v(u) prime?
True
Let u be ((-6)/(-3))/4*8. Suppose -3*y - 5*z - 11 = 0, u*z + 1 = -y - 12. Suppose 137 = 4*a - 3*b, y*a - 3*b - 106 = -4*b. Is a a prime number?
False
Suppose 2*d - 5541 = -d. Is d a composite number?
False
Is ((-3386)/4)/((-13)/26) a prime number?
True
Let h be (16/12)/((-1)/(-3)). Suppose -h*c - 751 = -5*c. Is c a prime number?
True
Let u(v) = 3*v**2 + v - 4. Let k be u(2). Let c(t) = -t**3 + 12*t**2 + t - 7. Is c(k) a composite number?
True
Let o = -758 - -2647. Is o 